{"id":4113,"date":"2026-05-10T15:55:16","date_gmt":"2026-05-10T13:55:16","guid":{"rendered":"https:\/\/imagineconcept.fr\/w2024\/?page_id=4113"},"modified":"2026-05-10T20:38:15","modified_gmt":"2026-05-10T18:38:15","slug":"introduction-de-lofficiant","status":"publish","type":"page","link":"https:\/\/imagineconcept.fr\/w2024\/introduction-de-lofficiant\/","title":{"rendered":"\ud83c\udf99\ufe0fIntroduction de l&rsquo;officiant"},"content":{"rendered":"\n<figure class=\"wp-block-table\"><table class=\"has-fixed-layout\" style=\"border-style:none;border-width:0px\"><tbody><tr><td>L\u2019introduction d\u2019un officiant est un moment cl\u00e9 : c\u2019est elle qui installe le ton, l\u2019intention et l\u2019atmosph\u00e8re de toute la c\u00e9r\u00e9monie.<br>Elle doit \u00eatre :<br>&#8211;  neutre, sans \u201cje\u201d, sans mise en avant personnelle ;<br>&#8211;  bienveillante, accueillante, inclusive ;<br>&#8211;  respectueuse des croyances, des valeurs et des invit\u00e9s ;<br>&#8211;  claire, pour expliquer ce qu\u2019est une c\u00e9r\u00e9monie la\u00efque et ce qu\u2019elle n\u2019est pas ;<br>&#8211;  solennelle, mais jamais pompeuse ;<br>&#8211;  simple, sans longueur inutile ;<br>&#8211;  centr\u00e9e sur les mari\u00e9s, jamais sur l\u2019officiant.<br>Elle doit aussi rappeler subtilement que :<br>&#8211;  la c\u00e9r\u00e9monie la\u00efque n\u2019est ni civile ni religieuse, mais elle porte la m\u00eame valeur symbolique ;<br>&#8211;  elle est un moment fondateur, intime, sinc\u00e8re ;<br>&#8211;  chacun est invit\u00e9 \u00e0 \u00eatre pr\u00e9sent, attentif, impliqu\u00e9 ;<br>&#8211;  l\u2019amour est le fil conducteur, au\u2011del\u00e0 des croyances et des chemins de vie.<\/td><\/tr><\/tbody><\/table><\/figure>\n\n\n\n<figure class=\"wp-block-table\"><table class=\"has-fixed-layout\" style=\"border-style:none;border-width:0px\"><tbody><tr><td><strong>Voici un exemple de texte :<br><\/strong><br>Bonjour \u00e0 toutes et \u00e0 tous. [MME] et [MR], ainsi que leurs familles, vous remercient chaleureusement pour votre pr\u00e9sence.<br><br>C\u2019est dans un esprit de fraternit\u00e9 et de partage que vous avez \u00e9t\u00e9 convi\u00e9s ici, autour de [MME] et [MR], pour vivre ensemble cette c\u00e9r\u00e9monie de mariage.<br><br>Ce moment a \u00e9t\u00e9 imagin\u00e9 comme le reflet de leur personnalit\u00e9 : simple, sinc\u00e8re, et profond\u00e9ment ancr\u00e9 dans les valeurs qui les accompagnent depuis toujours.<br><br>Cette c\u00e9l\u00e9bration se distingue d\u2019un engagement civil, o\u00f9 l\u2019on \u00e9voque principalement les droits et les devoirs envers la soci\u00e9t\u00e9. Pour [MME] et [MR], le mariage repr\u00e9sente bien davantage qu\u2019une signature \u00e0 la mairie, o\u00f9 l\u2019amour pourtant au c\u0153ur de leur union n\u2019est jamais \u00e9voqu\u00e9.<br><br>Elle se diff\u00e9rencie \u00e9galement d\u2019un mariage religieux, car ici, dans ce lieu, nous ne sommes pas r\u00e9unis autour d\u2019un seul dieu. Quelles que soient vos croyances, quels que soient vos chemins de spiritualit\u00e9, soyez toutes et tous les bienvenus pour \u00eatre t\u00e9moins de cet instant de joie et c\u00e9l\u00e9brer l\u2019union de deux \u00eatres chers.<br><br>M\u00eame si cette c\u00e9r\u00e9monie n\u2019a pas de valeur officielle au regard de la loi, elle restera pour [MME] et [MR] un moment fondateur, un rep\u00e8re pr\u00e9cieux dans leur histoire.<br><br>Une c\u00e9l\u00e9bration de mariage est une parenth\u00e8se hors du temps, un espace o\u00f9, par notre pr\u00e9sence et nos intentions, nous donnons du sens et mettons de l\u2019\u00e2me dans nos vies.<br><br>Au\u2011del\u00e0 du consentement et de l\u2019engagement, le mariage est aussi la rencontre de deux histoires, de deux cultures, de deux univers qui choisissent de marcher ensemble.<br><br>Ce moment sera peut\u2011\u00eatre diff\u00e9rent de ceux auxquels vous avez d\u00e9j\u00e0 assist\u00e9. Et c\u2019est justement cette diff\u00e9rence qui souligne l\u2019implication et l\u2019engagement de toutes les personnes qui vont intervenir aujourd\u2019hui.<br><br>Nous sommes ici r\u00e9unis autour d\u2019une seule foi : celle que nous avons tous en l\u2019Amour. Un message universel, intemporel, empreint de tol\u00e9rance.<br><br>L\u2019ouverture du c\u0153ur consiste simplement \u00e0 accueillir l\u2019autre tel qu\u2019il est, avec respect, douceur et bienveillance.<br><br>[MME] et [MR] ont souhait\u00e9 mettre en lumi\u00e8re les sentiments qui les animent et la confiance qu\u2019ils portent ensemble vers l\u2019avenir.<\/td><\/tr><\/tbody><\/table><\/figure>\n\n\n\n<p><\/p>\n\n\n\n<p><br><\/p>\n","protected":false},"excerpt":{"rendered":"<p>L\u2019introduction d\u2019un officiant est un moment cl\u00e9 : c\u2019est elle [&hellip;]<\/p>\n","protected":false},"author":1,"featured_media":0,"parent":0,"menu_order":0,"comment_status":"closed","ping_status":"closed","template":"","meta":{"footnotes":""},"class_list":["post-4113","page","type-page","status-publish","hentry"],"acf":[],"yoast_head":"<!-- This site is optimized with the Yoast SEO plugin v27.4 - https:\/\/yoast.com\/product\/yoast-seo-wordpress\/ -->\n<title>\ud83c\udf99\ufe0fIntroduction de l&#039;officiant - Imagine Concept Sonorisation - Mariages, S\u00e9minaires, Anniversaires, Animations<\/title>\n<meta name=\"description\" content=\"D\u00e9couvrez comment introduire une c\u00e9r\u00e9monie la\u00efque avec bienveillance, neutralit\u00e9 et \u00e9l\u00e9gance. Un texte d\u2019officiant qui installe le ton, l\u2019\u00e9motion et le sens.\" \/>\n<meta name=\"robots\" content=\"index, follow, max-snippet:-1, max-image-preview:large, max-video-preview:-1\" \/>\n<link rel=\"canonical\" href=\"https:\/\/imagineconcept.fr\/w2024\/introduction-de-lofficiant\/\" \/>\n<meta property=\"og:locale\" content=\"fr_FR\" \/>\n<meta property=\"og:type\" content=\"article\" \/>\n<meta property=\"og:title\" content=\"\ud83c\udf99\ufe0fIntroduction de l&#039;officiant - Imagine Concept Sonorisation - Mariages, S\u00e9minaires, Anniversaires, Animations\" \/>\n<meta property=\"og:description\" content=\"D\u00e9couvrez comment introduire une c\u00e9r\u00e9monie la\u00efque avec bienveillance, neutralit\u00e9 et \u00e9l\u00e9gance. Un texte d\u2019officiant qui installe le ton, l\u2019\u00e9motion et le sens.\" \/>\n<meta property=\"og:url\" content=\"https:\/\/imagineconcept.fr\/w2024\/introduction-de-lofficiant\/\" \/>\n<meta property=\"og:site_name\" content=\"Imagine Concept Sonorisation - Mariages, S\u00e9minaires, Anniversaires, Animations\" \/>\n<meta property=\"article:modified_time\" content=\"2026-05-10T18:38:15+00:00\" \/>\n<meta name=\"twitter:card\" content=\"summary_large_image\" \/>\n<meta name=\"twitter:label1\" content=\"Est. reading time\" \/>\n\t<meta name=\"twitter:data1\" content=\"3 minutes\" \/>\n<script type=\"application\/ld+json\" class=\"yoast-schema-graph\">{\"@context\":\"https:\\\/\\\/schema.org\",\"@graph\":[{\"@type\":\"WebPage\",\"@id\":\"https:\\\/\\\/imagineconcept.fr\\\/w2024\\\/introduction-de-lofficiant\\\/\",\"url\":\"https:\\\/\\\/imagineconcept.fr\\\/w2024\\\/introduction-de-lofficiant\\\/\",\"name\":\"\ud83c\udf99\ufe0fIntroduction de l'officiant - Imagine Concept Sonorisation - Mariages, S\u00e9minaires, Anniversaires, Animations\",\"isPartOf\":{\"@id\":\"https:\\\/\\\/imagineconcept.fr\\\/w2024\\\/#website\"},\"datePublished\":\"2026-05-10T13:55:16+00:00\",\"dateModified\":\"2026-05-10T18:38:15+00:00\",\"description\":\"D\u00e9couvrez comment introduire une c\u00e9r\u00e9monie la\u00efque avec bienveillance, neutralit\u00e9 et \u00e9l\u00e9gance. Un texte d\u2019officiant qui installe le ton, l\u2019\u00e9motion et le sens.\",\"breadcrumb\":{\"@id\":\"https:\\\/\\\/imagineconcept.fr\\\/w2024\\\/introduction-de-lofficiant\\\/#breadcrumb\"},\"inLanguage\":\"fr-FR\",\"potentialAction\":[{\"@type\":\"ReadAction\",\"target\":[\"https:\\\/\\\/imagineconcept.fr\\\/w2024\\\/introduction-de-lofficiant\\\/\"]}]},{\"@type\":\"BreadcrumbList\",\"@id\":\"https:\\\/\\\/imagineconcept.fr\\\/w2024\\\/introduction-de-lofficiant\\\/#breadcrumb\",\"itemListElement\":[{\"@type\":\"ListItem\",\"position\":1,\"name\":\"Home\",\"item\":\"https:\\\/\\\/imagineconcept.fr\\\/w2024\\\/\"},{\"@type\":\"ListItem\",\"position\":2,\"name\":\"\ud83c\udf99\ufe0fIntroduction de l&rsquo;officiant\"}]},{\"@type\":\"WebSite\",\"@id\":\"https:\\\/\\\/imagineconcept.fr\\\/w2024\\\/#website\",\"url\":\"https:\\\/\\\/imagineconcept.fr\\\/w2024\\\/\",\"name\":\"Imagine Concept Sonorisation - Mariages, S\u00e9minaires, Anniversaires, Animations\",\"description\":\"Embellisseur de votre \u00e9v\u00e8nement festif\",\"potentialAction\":[{\"@type\":\"SearchAction\",\"target\":{\"@type\":\"EntryPoint\",\"urlTemplate\":\"https:\\\/\\\/imagineconcept.fr\\\/w2024\\\/?s={search_term_string}\"},\"query-input\":{\"@type\":\"PropertyValueSpecification\",\"valueRequired\":true,\"valueName\":\"search_term_string\"}}],\"inLanguage\":\"fr-FR\"}]}<\/script>\n<!-- \/ Yoast SEO plugin. -->","yoast_head_json":{"title":"\ud83c\udf99\ufe0fIntroduction de l'officiant - Imagine Concept Sonorisation - Mariages, S\u00e9minaires, Anniversaires, Animations","description":"D\u00e9couvrez comment introduire une c\u00e9r\u00e9monie la\u00efque avec bienveillance, neutralit\u00e9 et \u00e9l\u00e9gance. Un texte d\u2019officiant qui installe le ton, l\u2019\u00e9motion et le sens.","robots":{"index":"index","follow":"follow","max-snippet":"max-snippet:-1","max-image-preview":"max-image-preview:large","max-video-preview":"max-video-preview:-1"},"canonical":"https:\/\/imagineconcept.fr\/w2024\/introduction-de-lofficiant\/","og_locale":"fr_FR","og_type":"article","og_title":"\ud83c\udf99\ufe0fIntroduction de l'officiant - Imagine Concept Sonorisation - Mariages, S\u00e9minaires, Anniversaires, Animations","og_description":"D\u00e9couvrez comment introduire une c\u00e9r\u00e9monie la\u00efque avec bienveillance, neutralit\u00e9 et \u00e9l\u00e9gance. Un texte d\u2019officiant qui installe le ton, l\u2019\u00e9motion et le sens.","og_url":"https:\/\/imagineconcept.fr\/w2024\/introduction-de-lofficiant\/","og_site_name":"Imagine Concept Sonorisation - Mariages, S\u00e9minaires, Anniversaires, Animations","article_modified_time":"2026-05-10T18:38:15+00:00","twitter_card":"summary_large_image","twitter_misc":{"Est. reading time":"3 minutes"},"schema":{"@context":"https:\/\/schema.org","@graph":[{"@type":"WebPage","@id":"https:\/\/imagineconcept.fr\/w2024\/introduction-de-lofficiant\/","url":"https:\/\/imagineconcept.fr\/w2024\/introduction-de-lofficiant\/","name":"\ud83c\udf99\ufe0fIntroduction de l'officiant - Imagine Concept Sonorisation - Mariages, S\u00e9minaires, Anniversaires, Animations","isPartOf":{"@id":"https:\/\/imagineconcept.fr\/w2024\/#website"},"datePublished":"2026-05-10T13:55:16+00:00","dateModified":"2026-05-10T18:38:15+00:00","description":"D\u00e9couvrez comment introduire une c\u00e9r\u00e9monie la\u00efque avec bienveillance, neutralit\u00e9 et \u00e9l\u00e9gance. Un texte d\u2019officiant qui installe le ton, l\u2019\u00e9motion et le sens.","breadcrumb":{"@id":"https:\/\/imagineconcept.fr\/w2024\/introduction-de-lofficiant\/#breadcrumb"},"inLanguage":"fr-FR","potentialAction":[{"@type":"ReadAction","target":["https:\/\/imagineconcept.fr\/w2024\/introduction-de-lofficiant\/"]}]},{"@type":"BreadcrumbList","@id":"https:\/\/imagineconcept.fr\/w2024\/introduction-de-lofficiant\/#breadcrumb","itemListElement":[{"@type":"ListItem","position":1,"name":"Home","item":"https:\/\/imagineconcept.fr\/w2024\/"},{"@type":"ListItem","position":2,"name":"\ud83c\udf99\ufe0fIntroduction de l&rsquo;officiant"}]},{"@type":"WebSite","@id":"https:\/\/imagineconcept.fr\/w2024\/#website","url":"https:\/\/imagineconcept.fr\/w2024\/","name":"Imagine Concept Sonorisation - Mariages, S\u00e9minaires, Anniversaires, Animations","description":"Embellisseur de votre \u00e9v\u00e8nement festif","potentialAction":[{"@type":"SearchAction","target":{"@type":"EntryPoint","urlTemplate":"https:\/\/imagineconcept.fr\/w2024\/?s={search_term_string}"},"query-input":{"@type":"PropertyValueSpecification","valueRequired":true,"valueName":"search_term_string"}}],"inLanguage":"fr-FR"}]}},"_links":{"self":[{"href":"https:\/\/imagineconcept.fr\/w2024\/wp-json\/wp\/v2\/pages\/4113","targetHints":{"allow":["GET"]}}],"collection":[{"href":"https:\/\/imagineconcept.fr\/w2024\/wp-json\/wp\/v2\/pages"}],"about":[{"href":"https:\/\/imagineconcept.fr\/w2024\/wp-json\/wp\/v2\/types\/page"}],"author":[{"embeddable":true,"href":"https:\/\/imagineconcept.fr\/w2024\/wp-json\/wp\/v2\/users\/1"}],"replies":[{"embeddable":true,"href":"https:\/\/imagineconcept.fr\/w2024\/wp-json\/wp\/v2\/comments?post=4113"}],"version-history":[{"count":6,"href":"https:\/\/imagineconcept.fr\/w2024\/wp-json\/wp\/v2\/pages\/4113\/revisions"}],"predecessor-version":[{"id":4132,"href":"https:\/\/imagineconcept.fr\/w2024\/wp-json\/wp\/v2\/pages\/4113\/revisions\/4132"}],"wp:attachment":[{"href":"https:\/\/imagineconcept.fr\/w2024\/wp-json\/wp\/v2\/media?parent=4113"}],"curies":[{"name":"wp","href":"https:\/\/api.w.org\/{rel}","templated":true}]}}